{"id":402,"date":"2024-12-16T20:59:42","date_gmt":"2024-12-16T19:59:42","guid":{"rendered":"https:\/\/inmoqapital.com\/?post_type=product&#038;p=402"},"modified":"2024-12-16T21:04:08","modified_gmt":"2024-12-16T20:04:08","slug":"moya-casas","status":"publish","type":"product","link":"https:\/\/inmoqapital.com\/index.php\/producto\/moya-casas\/","title":{"rendered":"Altos de la Moya &#8211; Moya &#8211; Casas"},"content":{"rendered":"<p>[et_pb_section fb_built=&#8221;1&#8243; _builder_version=&#8221;4.16&#8243; custom_padding=&#8221;0px||||false|false&#8221; global_colors_info=&#8221;{}&#8221;][et_pb_row _builder_version=&#8221;4.16&#8243; background_size=&#8221;initial&#8221; background_position=&#8221;top_left&#8221; background_repeat=&#8221;repeat&#8221; width=&#8221;100%&#8221; custom_padding=&#8221;0px||0px||false|false&#8221; global_colors_info=&#8221;{}&#8221;][et_pb_column type=&#8221;4_4&#8243; _builder_version=&#8221;4.16&#8243; custom_padding=&#8221;|||&#8221; global_colors_info=&#8221;{}&#8221; custom_padding__hover=&#8221;|||&#8221;][et_pb_wc_breadcrumb _builder_version=&#8221;4.16&#8243; global_colors_info=&#8221;{}&#8221;][\/et_pb_wc_breadcrumb][et_pb_wc_cart_notice _builder_version=&#8221;4.16&#8243; global_colors_info=&#8221;{}&#8221;][\/et_pb_wc_cart_notice][\/et_pb_column][\/et_pb_row][et_pb_row column_structure=&#8221;1_2,1_2&#8243; _builder_version=&#8221;4.16&#8243; background_size=&#8221;initial&#8221; background_position=&#8221;top_left&#8221; background_repeat=&#8221;repeat&#8221; width=&#8221;100%&#8221; custom_padding=&#8221;0px||||false|false&#8221; global_colors_info=&#8221;{}&#8221;][et_pb_column type=&#8221;1_2&#8243; _builder_version=&#8221;4.16&#8243; custom_padding=&#8221;|||&#8221; global_colors_info=&#8221;{}&#8221; custom_padding__hover=&#8221;|||&#8221;][et_pb_wc_images show_product_image=&#8221;off&#8221; force_fullwidth=&#8221;on&#8221; _builder_version=&#8221;4.22.2&#8243; _module_preset=&#8221;default&#8221; border_radii_image=&#8221;on|14px|14px|14px|14px&#8221; box_shadow_style_image=&#8221;preset1&#8243; global_colors_info=&#8221;{}&#8221;][\/et_pb_wc_images][\/et_pb_column][et_pb_column type=&#8221;1_2&#8243; _builder_version=&#8221;4.16&#8243; custom_padding=&#8221;|||&#8221; global_colors_info=&#8221;{}&#8221; custom_padding__hover=&#8221;|||&#8221;][et_pb_wc_title _builder_version=&#8221;4.16&#8243; global_colors_info=&#8221;{}&#8221;][\/et_pb_wc_title][et_pb_wc_price _builder_version=&#8221;4.22.2&#8243; body_text_color=&#8221;#e09900&#8243; body_font_size=&#8221;35px&#8221; global_colors_info=&#8221;{}&#8221;][\/et_pb_wc_price][et_pb_wc_description _builder_version=&#8221;4.16&#8243; global_colors_info=&#8221;{}&#8221;][\/et_pb_wc_description][et_pb_wc_additional_info _builder_version=&#8221;4.22.2&#8243; _module_preset=&#8221;default&#8221; global_colors_info=&#8221;{}&#8221;][\/et_pb_wc_additional_info][et_pb_button button_url=&#8221;https:\/\/wa.link\/m5sh7k&#8221; button_text=&#8221;Contactar Asesor&#8221; button_alignment=&#8221;center&#8221; _builder_version=&#8221;4.22.2&#8243; _module_preset=&#8221;default&#8221; custom_button=&#8221;on&#8221; button_text_color=&#8221;#7CDA24&#8243; button_border_radius=&#8221;30px&#8221; button_font=&#8221;Changa One||||||||&#8221; global_colors_info=&#8221;{}&#8221;][\/et_pb_button][et_pb_wc_meta _builder_version=&#8221;4.16&#8243; global_colors_info=&#8221;{}&#8221;][\/et_pb_wc_meta][\/et_pb_column][\/et_pb_row][et_pb_row _builder_version=&#8221;4.16&#8243; background_size=&#8221;initial&#8221; background_position=&#8221;top_left&#8221; background_repeat=&#8221;repeat&#8221; width=&#8221;100%&#8221; global_colors_info=&#8221;{}&#8221;][et_pb_column type=&#8221;4_4&#8243; _builder_version=&#8221;4.16&#8243; custom_padding=&#8221;|||&#8221; global_colors_info=&#8221;{}&#8221; custom_padding__hover=&#8221;|||&#8221;][et_pb_wc_tabs include_tabs=&#8221;description||&#8221; _builder_version=&#8221;4.22.2&#8243; global_colors_info=&#8221;{}&#8221;]\t\t\t\t\t[\/et_pb_wc_tabs][et_pb_wc_upsells _builder_version=&#8221;4.16&#8243; global_colors_info=&#8221;{}&#8221;][\/et_pb_wc_upsells][et_pb_wc_related_products _builder_version=&#8221;4.16&#8243; global_colors_info=&#8221;{}&#8221;][\/et_pb_wc_related_products][\/et_pb_column][\/et_pb_row][\/et_pb_section]<\/p>\n","protected":false},"excerpt":{"rendered":"<div class=\"elementor-element elementor-element-aa116c2 elementor-widget elementor-widget-heading\" data-id=\"aa116c2\" data-element_type=\"widget\" data-widget_type=\"heading.default\">\n<div class=\"elementor-widget-container\">\n<div class=\"elementor-element elementor-element-aa116c2 elementor-widget elementor-widget-heading\" data-id=\"aa116c2\" data-element_type=\"widget\" data-widget_type=\"heading.default\">\n<div class=\"elementor-widget-container\">\n<h3 class=\"elementor-heading-title elementor-size-default\">DESCUBRE LA BELLEZA DE ALTOS DE LA MOYA: HOGARES CON VISTAS PANOR\u00c1MICAS Y DISE\u00d1O EXCEPCIONAL<\/h3>\n<\/div>\n<\/div>\n<div class=\"elementor-element elementor-element-521cce2 elementor-widget elementor-widget-text-editor\" data-id=\"521cce2\" data-element_type=\"widget\" data-widget_type=\"text-editor.default\">\n<div class=\"elementor-widget-container\">\n<p>Disfruta tu nuevo hogar en el conjunto Altos de la Moya, hermosas casas de tres dormitorios con terraza, espacio que se convierte en uno de los principales atractivos de estas viviendas, es el lugar perfecto para disfrutar de vistas panor\u00e1micas del Ilal\u00f3, permitiendo a los residentes relajarse y disfrutar de la naturaleza que rodea el proyecto inmobiliario.<\/p>\n<p>Cada casa ha sido cuidadosamente dise\u00f1ada para brindar comodidad y funcionalidad a sus habitantes. Los amplios espacios interiores est\u00e1n pensados para optimizar el aprovechamiento de cada \u00e1rea, proporcionando un ambiente acogedor.<\/p>\n<p>El Conjunto est\u00e1 ubicado en el sector de la Moya, una zona tranquila y segura que ofrece un entorno pac\u00edfico y alejado del bullicio de la ciudad. Aqu\u00ed, los residentes podr\u00e1n disfrutar de la tranquilidad de vivir cerca de la naturaleza sin alejarse demasiado de las comodidades y servicios que ofrece la ciudad.<\/p>\n<p>En resumen, este proyecto inmobiliario en el sector de la Moya es una excelente<\/p>\n<\/div>\n<\/div>\n<\/div>\n<\/div>\n","protected":false},"featured_media":403,"comment_status":"open","ping_status":"closed","template":"","meta":{"_et_pb_use_builder":"on","_et_pb_old_content":"<div class=\"elementor-element elementor-element-aa116c2 elementor-widget elementor-widget-heading\" data-id=\"aa116c2\" data-element_type=\"widget\" data-widget_type=\"heading.default\">\r\n<div class=\"elementor-widget-container\">\r\n<div class=\"elementor-element elementor-element-aa116c2 elementor-widget elementor-widget-heading\" data-id=\"aa116c2\" data-element_type=\"widget\" data-widget_type=\"heading.default\">\r\n<div class=\"elementor-widget-container\">\r\n<div class=\"elementor-element elementor-element-aa116c2 elementor-widget elementor-widget-heading\" data-id=\"aa116c2\" data-element_type=\"widget\" data-widget_type=\"heading.default\">\r\n<div class=\"elementor-widget-container\">\r\n<h3 class=\"elementor-heading-title elementor-size-default\">DESCUBRE LA BELLEZA DE ALTOS DE LA MOYA: HOGARES CON VISTAS PANOR\u00c1MICAS Y DISE\u00d1O EXCEPCIONAL<\/h3>\r\n<\/div>\r\n<\/div>\r\n<div class=\"elementor-element elementor-element-521cce2 elementor-widget elementor-widget-text-editor\" data-id=\"521cce2\" data-element_type=\"widget\" data-widget_type=\"text-editor.default\">\r\n<div class=\"elementor-widget-container\">\r\n\r\nDisfruta tu nuevo hogar en el conjunto Altos de la Moya, hermosas casas de tres dormitorios con terraza, espacio que se convierte en uno de los principales atractivos de estas viviendas, es el lugar perfecto para disfrutar de vistas panor\u00e1micas del Ilal\u00f3, permitiendo a los residentes relajarse y disfrutar de la naturaleza que rodea el proyecto inmobiliario.\r\n\r\nCada casa ha sido cuidadosamente dise\u00f1ada para brindar comodidad y funcionalidad a sus habitantes. Los amplios espacios interiores est\u00e1n pensados para optimizar el aprovechamiento de cada \u00e1rea, proporcionando un ambiente acogedor.\r\n\r\nEl Conjunto est\u00e1 ubicado en el sector de la Moya, una zona tranquila y segura que ofrece un entorno pac\u00edfico y alejado del bullicio de la ciudad. Aqu\u00ed, los residentes podr\u00e1n disfrutar de la tranquilidad de vivir cerca de la naturaleza sin alejarse demasiado de las comodidades y servicios que ofrece la ciudad.\r\n\r\nEn resumen, este proyecto inmobiliario en el sector de la Moya es una excelente\r\n\r\n<\/div>\r\n<\/div>\r\n<\/div>\r\n<\/div>\r\n<\/div>\r\n<\/div>","_et_gb_content_width":"","content-type":""},"product_cat":[35,34],"product_tag":[42],"jetpack_sharing_enabled":true,"_links":{"self":[{"href":"https:\/\/inmoqapital.com\/index.php\/wp-json\/wp\/v2\/product\/402"}],"collection":[{"href":"https:\/\/inmoqapital.com\/index.php\/wp-json\/wp\/v2\/product"}],"about":[{"href":"https:\/\/inmoqapital.com\/index.php\/wp-json\/wp\/v2\/types\/product"}],"replies":[{"embeddable":true,"href":"https:\/\/inmoqapital.com\/index.php\/wp-json\/wp\/v2\/comments?post=402"}],"wp:featuredmedia":[{"embeddable":true,"href":"https:\/\/inmoqapital.com\/index.php\/wp-json\/wp\/v2\/media\/403"}],"wp:attachment":[{"href":"https:\/\/inmoqapital.com\/index.php\/wp-json\/wp\/v2\/media?parent=402"}],"wp:term":[{"taxonomy":"product_cat","embeddable":true,"href":"https:\/\/inmoqapital.com\/index.php\/wp-json\/wp\/v2\/product_cat?post=402"},{"taxonomy":"product_tag","embeddable":true,"href":"https:\/\/inmoqapital.com\/index.php\/wp-json\/wp\/v2\/product_tag?post=402"}],"curies":[{"name":"wp","href":"https:\/\/api.w.org\/{rel}","templated":true}]}}

<div class="elementor-element elementor-element-aa116c2 elementor-widget elementor-widget-heading" data-id="aa116c2" data-element_type="widget" data-widget_type="heading.default">
<div class="elementor-widget-container">
<div class="elementor-element elementor-element-aa116c2 elementor-widget elementor-widget-heading" data-id="aa116c2" data-element_type="widget" data-widget_type="heading.default">
<div class="elementor-widget-container">
<h3 class="elementor-heading-title elementor-size-default">DESCUBRE LA BELLEZA DE ALTOS DE LA MOYA: HOGARES CON VISTAS PANORÁMICAS Y DISEÑO EXCEPCIONAL</h3>
</div>
</div>
<div class="elementor-element elementor-element-521cce2 elementor-widget elementor-widget-text-editor" data-id="521cce2" data-element_type="widget" data-widget_type="text-editor.default">
<div class="elementor-widget-container">
<p>Disfruta tu nuevo hogar en el conjunto Altos de la Moya, hermosas casas de tres dormitorios con terraza, espacio que se convierte en uno de los principales atractivos de estas viviendas, es el lugar perfecto para disfrutar de vistas panorámicas del Ilaló, permitiendo a los residentes relajarse y disfrutar de la naturaleza que rodea el proyecto inmobiliario.</p>
<p>Cada casa ha sido cuidadosamente diseñada para brindar comodidad y funcionalidad a sus habitantes. Los amplios espacios interiores están pensados para optimizar el aprovechamiento de cada área, proporcionando un ambiente acogedor.</p>
<p>El Conjunto está ubicado en el sector de la Moya, una zona tranquila y segura que ofrece un entorno pacífico y alejado del bullicio de la ciudad. Aquí, los residentes podrán disfrutar de la tranquilidad de vivir cerca de la naturaleza sin alejarse demasiado de las comodidades y servicios que ofrece la ciudad.</p>
<p>En resumen, este proyecto inmobiliario en el sector de la Moya es una excelente</p>
</div>
</div>
</div>
</div>

<div class="elementor-element elementor-element-aa116c2 elementor-widget elementor-widget-heading" data-id="aa116c2" data-element_type="widget" data-widget_type="heading.default">
<div class="elementor-widget-container">
<div class="elementor-element elementor-element-aa116c2 elementor-widget elementor-widget-heading" data-id="aa116c2" data-element_type="widget" data-widget_type="heading.default">
<div class="elementor-widget-container">
<div class="elementor-element elementor-element-aa116c2 elementor-widget elementor-widget-heading" data-id="aa116c2" data-element_type="widget" data-widget_type="heading.default">
<div class="elementor-widget-container">
<h3 class="elementor-heading-title elementor-size-default">DESCUBRE LA BELLEZA DE ALTOS DE LA MOYA: HOGARES CON VISTAS PANORÁMICAS Y DISEÑO EXCEPCIONAL</h3>
</div>
</div>
<div class="elementor-element elementor-element-521cce2 elementor-widget elementor-widget-text-editor" data-id="521cce2" data-element_type="widget" data-widget_type="text-editor.default">
<div class="elementor-widget-container">

Disfruta tu nuevo hogar en el conjunto Altos de la Moya, hermosas casas de tres dormitorios con terraza, espacio que se convierte en uno de los principales atractivos de estas viviendas, es el lugar perfecto para disfrutar de vistas panorámicas del Ilaló, permitiendo a los residentes relajarse y disfrutar de la naturaleza que rodea el proyecto inmobiliario.

Cada casa ha sido cuidadosamente diseñada para brindar comodidad y funcionalidad a sus habitantes. Los amplios espacios interiores están pensados para optimizar el aprovechamiento de cada área, proporcionando un ambiente acogedor.

El Conjunto está ubicado en el sector de la Moya, una zona tranquila y segura que ofrece un entorno pacífico y alejado del bullicio de la ciudad. Aquí, los residentes podrán disfrutar de la tranquilidad de vivir cerca de la naturaleza sin alejarse demasiado de las comodidades y servicios que ofrece la ciudad.

En resumen, este proyecto inmobiliario en el sector de la Moya es una excelente

</div>
</div>
</div>
</div>
</div>
</div>
